 h(t) = t**2 + 6*t + 4. Let d be h(-8). Suppose 3*v - 2*r - 8 = 5*v, -5*r - d = 4*v. Let c = v + 65. Is c composite?
True
Suppose -5*i + 1 = y - 4*i, -3*i = -5*y + 5. Let j = y - -50. Is j a composite number?
True
Let h be 13/(-1) - (-4)/(-4). Let u = h + 20. Is (118/6)/(2/u) composite?
False
Let o(a) = -11*a**2 + 9*a - 9. Let f(l) = -12*l**2 + 10*l - 10. Let i = -11 - -4. Let h(k) = i*o(k) + 6*f(k). Is h(4) prime?
True
Let z(t) = -t**2 - 12*t - 14. Let k be z(-10). Suppose 0 = 3*x - 48 - k. Suppose 12 + x = 2*o. Is o prime?
False
Is (8 - 9)*-1*89 prime?
True
Suppose 93 = 5*g + 8. Suppose -2*f + 95 - g = 0. Is f a composite number?
True
Let t(o) = 2*o + o**3 + 3*o**2 - 4 + 2*o**2 + 2. Let m be t(-4). Is 578/m + 4/6 a prime number?
True
Is ((-8)/(-24))/((-1)/(-231)) prime?
False
Let a(g) = 7*g**2 - 16*g + 6. Let m(b) = 8*b**2 - 17*b + 6. Let w(t) = -7*a(t) + 6*m(t). Let o be w(9). Suppose 0 = -u - 4*i + 31, -7 + 22 = o*i. Is u prime?
True
Let q = -290 - -501. Is q composite?
False
Let g be (54/(-15))/((-4)/10). Let j = g + -4. Let s(b) = b + 1. Is s(j) a prime number?
False
Suppose -3*j + 672 - 88 = 2*n, -5*j - 10 = 0. Let r = 456 - n. Is r a prime number?
False
Let h(k) = -k**3 - k**2 - k + 1. Let d = -3 - -8. Let j = 1 - d. Is h(j) a prime number?
True
Suppose -4*r + 4*a - 656 = 0, 0 = -4*r - a - 2*a - 621. Let j = -88 - r. Is j a prime number?
True
Suppose -5*l = -2*g - 19, -5*l - g = -9 - 4. Suppose 0 = 2*n + l*b - 214, n - 5*b + 10*b - 93 = 0. Is n composite?
False
Suppose -4*z + y = -623, 4*z = -z + 2*y + 781. Is z a composite number?
True
Let u = -277 + 104. Let d = -84 - u. Is d a prime number?
True
Let u(q) = -q**2 + 2. Let h be u(0). Is 5*(192/15 + h) prime?
False
Suppose -4*c + 33 = 3*r + 6, -3*c - 1 = -2*r. Let a = 5 - c. Suppose k - l - 16 = a*l, -2*l = -k + 17. Is k a prime number?
True
Let o(t) = 4*t**3 - 6*t**2 - 3*t - 5. Let k be 12/8 - 1/2. Let n(l) = -l**3 - l**2 - l. Let z(a) = k*o(a) + 3*n(a). Is z(10) a composite number?
True
Is -4 + -3 + 6 - -150 a prime number?
True
Suppose 429 = 2*x + 147. Let f = 252 - x. Is f a composite number?
True
Let p be -3*(32/(-12))/4. Suppose p*a = 4*k + 4*a - 740, 5*k = -3*a + 925. Is k a prime number?
False
Suppose -3*g + 1469 + 3124 = 0. Is g prime?
True
Suppose 0 = -5*t + 15, -t = -3*j + 3*t + 27. Suppose 2*q - 6*q - o = -78, -3*o = -q + j. Suppose -p = -q - 0. Is p a prime number?
True
Let o(a) = -a - 6. Let u be o(-9). Let w be u/1 + (-15)/3. Is 6*(1/w + 2) a prime number?
False
Let z be (-3081)/(-15) - 2/5. Let d = z + -122. Is d composite?
False
Let s be (3/(-12))/((-2)/328). Suppose 18 - 3 = 5*u. Suppose s = u*w - 76. Is w composite?
True
Suppose 567 = 5*t + 3*w, -4*t + w + 448 = 2*w. Is t prime?
False
Suppose -2*s - 3*s - 4*a = -122, 0 = -4*s + a + 106. Is s a composite number?
True
Let h = 1045 + 1039. Suppose 0 = 5*z - z - h. Is z prime?
True
Let h be 0/2 + 0 + 582. Suppose -5*o + 163 = -h. Is o prime?
True
Let m = -2 + -2. Let l(v) = v**3 + 5*v**2 + 3*v - 4. Let p be l(m). Suppose 0 = 2*j - 4*o - 226, j = -p*o + o + 117. Is j a composite number?
True
Let t = -10 + 21. Suppose 5*g = -t + 86. Is g a composite number?
True
Suppose 6*b = 2*b + 416. Suppose 3*y - 187 = b. Is y a composite number?
False
Let w = -4 - 85. Let q = w - -178. Is q prime?
True
Let t = 18 + -29. Let p = 23 + t. Suppose -18 - p = -3*o. Is o a prime number?
False
Let b be 88/20 + 2/(-5). Suppose 1 = -5*p - b. Is ((-58)/3)/(p/3) a prime number?
False
Let n(x) = x**3 + x**2 - x. Let u(i) = 2*i**3 + 15*i**2 - 16*i + 16. Let a(t) = 3*n(t) - u(t). Let f be a(11). Is f/4 - 140/(-8) a composite number?
False
Let g = -475 + 686. Is g composite?
False
Is 3/12*4 + 36 composite?
False
Suppose 28 = -4*v - 0*v. Let t = 10 + v. Is t composite?
False
Let f = -239 - -433. Is f prime?
False
Suppose -12 = -6*d + 2*d. Suppose -134 = d*n - 5*n. Is n composite?
False
Suppose 0 = -q + 3*p - 13, 4*p - 9*p + 35 = 5*q. Suppose 0 = m - q*t - 42, -4*t - t = 5*m - 270. Suppose 0 = -0*a + 5*a - m. Is a prime?
False
Is (9502/(-5))/((-6)/15 + 0) composite?
False
Let r(d) = -d**3 + d**2 + d. Let t be r(0). Suppose t = -0*a - 2*a + 266. Is a composite?
True
Suppose 441 = 2*p + y, 6*p + 2*y = p + 1104. Let o = p + -59. Is o a composite number?
False
Suppose -4*m = -5*t - 859, 10*t = -5*m + 5*t + 1040. Is m a prime number?
True
Let q(h) be the first derivative of -51*h**2 - h - 3. Let k be q(-2). Is (-7)/(-7)*1*k composite?
True
Let c(q) = 5*q + 9. Let i(y) = -4*y - 8. Let k(z) = 5*c(z) + 6*i(z). Let n be k(8). Suppose -91 = -n*a - g + 3*g, -5*g + 10 = 0. Is a a composite number?
False
Suppose 325 - 1130 = -5*q. Is q a composite number?
True
Let j(c) = c. Let s be j(4). Suppose -s*v + 240 = 4*h, 5*v - 216 - 72 = -h. Is v composite?
True
Let u be (-4)/3*78/(-4). Let z(g) = g - 3. Let y be z(3). Let m = u - y. Is m a prime number?
False
Let h(x) = x**2 + x. Let b be h(0). Suppose b = 2*f + 2*y - 302, f - 4*y + 2*y = 160. Suppose z + z = f. Is z a composite number?
True
Suppose 2*a = f - 63, -15 = -f + 3*a + 50. Let z = f + -8. Is z prime?
False
Let a be (-8)/(-20) + 513/5. Let n = a - 50. Is n prime?
True
Suppose -20*x + 22*x = 934. Is x prime?
True
Let s be ((-98)/3 - 3)*3. Let q = s + 150. Is q composite?
False
Let i(f) = f**3 + f**2 + 1. Let x be 3*1/3*3. Let c(q) = -4*q**3 + 6*q**2 - 6*q - 4. Let n(r) = x*i(r) + c(r). Is n(8) a prime number?
False
Suppose 0 = 5*v - y - 1674 + 574, 3*y - 423 = -2*v. Is v composite?
True
Is 2 + (-2799)/6*-22 composite?
True
Let n(r) = r**3 + 4*r**2 + 4*r + 3. Let y be n(-2). Suppose y*k = -4*j + 2016, 5*j - 4*k = -381 + 2870. Is j composite?
True
Suppose -848 = n - 9*n. Is n composite?
True
Suppose 0 = -15*n + 4610 + 14665. Is n prime?
False
Let l(u) = -u + 2. Let b be l(-3). Suppose b*n + 141 = -109. Let p = n - -76. Is p a prime number?
False
Let o be 1/(((-3)/62)/(-3)). Is 3/(-6)*-1*o a composite number?
False
Let i(o) = 65 - o**3 - o**2 + 0*o**2 - 14. Suppose 0 = -5*b + 4*n + 8, -4*b + 2*n = n - 2. Is i(b) a composite number?
True
Let f be (10/(-4))/((-1)/6). Let k = f - 8. Is k prime?
True
Let n = 43 - 31. Let x(c) = 2*c**2 + 9*c - 7. Is x(n) composite?
False
Let q be (2 + -2)*1/2. Let s = q - 0. Suppose s = -3*y - 3, -5*f = -f + 3*y - 57. Is f composite?
True
Let d(s) = s**2 + 2*s + 12. Let y be d(0). Suppose -7*q + y*q = 65. Is q a composite number?
False
Suppose -38*b - 1841 = -45*b. Is b a prime number?
True
Let g = -142 - -252. Suppose 0 = 4*q - 38 - g. Is q a prime number?
True
Let g(b) = -2*b - 7. Let z be g(-6). Suppose -34 - 61 = -z*d. Is d prime?
True
Let s(o) = -16*o + 1. Suppose 13 = -5*h + b - 15, 0 = h - 3*b. Let r be s(h). Let u = r + -58. Is u a prime number?
False
Let h(w) = 45*w - 2. Let i be h(5). Suppose -v - i = -a - 3*v, -5*a + 1128 = -3*v. Suppose 4*z + 0*z - 5*g - a = 0, -160 = -3*z - 5*g. Is z prime?
False
Suppose -y - 110 = 19. Let t = -40 - y. Is t composite?
False
Let y(o) be the second derivative of -o**5/20 - o**4/2 - o**3/3 - 5*o**2 - 4*o. Is y(-7) a prime number?
True
Let u(r) = r**3 + 20*r**2 + 17*r + 3. Is u(-14) a composite number?
False
Suppose 63 = -4*a - 109. Let j be 21/(-3) + 1 + 0. Let b = j - a. Is b composite?
False
Let s(z) = -21*z - 1. Let l(v) = -43*v - 2. Let b(w) = -3*l(w) + 5*s(w). Let n be b(6). Suppose 5*q + 4*j - n = 0, 7*q - 3*q + j = 105. Is q prime?
False
Suppose -6*i + 669 + 45 = 0. Is i a composite number?
True
Let k be (-10)/(-3) - (-6)/9. Suppose k*d - 181 = 175. Is d a composite number?
False
Let u(x) = -4*x + 1801. Is u(0) a prime number?
True
Let u be -1 + 178 - 9/(-3). Let i = -83 + u. Is i prime?
True
Let a(i) be the first derivative of i**3/3 + 4*i**2 + 2*i - 1. Let f be a(-7). Is 13/(-3)*f*3 prime?
False
Let q be 860/25 - 2/5. Let f = q - 15. Is f a composite number?
False
Is 1 + (-3)/(-1) + 42 composite?
True
Suppose 471 = 5*t + 2*p, t + 0*p - 96 = -p. Let q(r) = -2*r**3 + r + 1. Let y be q(-1). Suppose -y*c = c - t. Is c a composite number?
False
Suppose 0 = -5*a + 3*j + 6299, 0 = -4*a - 4*j + 549 + 4503. Is a a composite number?
True
Let t(g) = 12*g - 3. Suppose -4*w = 5*a + 22, -4*w - 30 = 2*a - a. Let c = 11 + w. Is t(c) prime?
False
Let u be 2 - (-44)/(0 - 2). Is (-5)/u - (-1523)/4 composite?
True
Suppose -p + 133 + 453 = 0. Is p a 